{"id":507,"date":"2016-02-05T00:47:03","date_gmt":"2016-02-05T00:47:03","guid":{"rendered":"http:\/\/singlestroke.io\/demo\/primrose-wp\/?page_id=292"},"modified":"2022-10-07T14:53:55","modified_gmt":"2022-10-07T13:53:55","slug":"home-classic","status":"publish","type":"page","link":"https:\/\/manawea.com\/","title":{"rendered":"ACCUEIL"},"content":{"rendered":"<div id=\"pl-507\"  class=\"panel-layout\" ><div id=\"pg-507-0\"  class=\"panel-grid panel-no-style\" ><div id=\"pgc-507-0-0\"  class=\"panel-grid-cell\" ><\/div><\/div><div id=\"pg-507-1\"  class=\"panel-grid panel-no-style\" ><div id=\"pgc-507-1-0\"  class=\"panel-grid-cell\" ><div id=\"panel-507-1-0-0\" class=\"so-panel widget widget_primrose-sow-hero-slider panel-first-child panel-last-child\" data-index=\"1\" ><div\n\t\t\t\n\t\t\tclass=\"so-widget-primrose-sow-hero-slider so-widget-primrose-sow-hero-slider-default-e473cd031e90-507\"\n\t\t\t\n\t\t>\t<div class=\"primrose-sow-hero-slider slick\" data-autoplay=\"5000\">\r\n\t\t\t\t\t<div class=\"primrose-sow-hero-slide primrose-sow-hero-slide-0\" style=\"background-color: #f3f3f3;\">\r\n\t\t\t\t<div class=\"primrose-sow-hero-slide-background primrose-sow-background-cover primrose-sow-parallax-background\">\r\n\t\t\t\t\t\r\n\t\t\t\t\t\t\t\t\t\t\t\t<img class=\"primrose-sow-hero-slide-background-image\" alt=\"\"\r\n\t\t\t\t\t\t\t\tsrc=\"https:\/\/manawea.com\/wp-content\/uploads\/2020\/02\/creatrice-macrame-scaled.jpg\"\r\n\t\t\t\t\t\t\t\theight=\"1519\"\r\n\t\t\t\t\t\t\t\twidth=\"2560\"\r\n\t\t\t\t\t\t\t\tdata-stellar-ratio=\"0.5\">\r\n\t\t\t\t\t\t\r\n\t\t\t\t\t\r\n\t\t\t\t<\/div><!-- .primrose-sow-hero-slide-background -->\r\n\r\n\t\t\t\t<div class=\"primrose-sow-hero-slide-overlay\" style=\"background-color: rgba(0,0,0,0);\"><\/div>\r\n\r\n\t\t\t\t<div class=\"primrose-sow-hero-slide-content\">\r\n\t\t\t\t\t<div class=\"primrose-sow-hero-slide-content-inner\">\r\n\t\t\t\t\t\t\t\t\t\t\t\t\t<div class=\"primrose-sow-hero-slide-title\">macram\u00e9 po\u00e9tique<\/div>\r\n\t\t\t\t\t\t\r\n\t\t\t\t\t\t<div\n\t\t\t\n\t\t\tclass=\"so-widget-primrose-sow-buttons so-widget-primrose-sow-buttons-default-0094217e76f3\"\n\t\t\t\n\t\t>\t<div class=\"primrose-sow-buttons primrose-sow-alignment-center\">\r\n\t\t\t\t\t<a href=\"http:\/\/manawea.com\/index.php\/shop\/\"\r\n\t\t\t\tclass=\"primrose-sow-button primrose-sow-button-0 button anchor-link\"\r\n\t\t\t\t>\r\n\t\t\t\tvoir les cr\u00e9ations\t\t\t<\/a>\r\n\t\t\t<\/div><!-- .primrose-sow-buttons -->\r\n<\/div>\t\t\t\t\t<\/div>\r\n\t\t\t\t<\/div><!-- .primrose-sow-hero-slide-content -->\r\n\t\t\t\t\r\n\t\t\t<\/div><!-- .primrose-sow-hero-slide -->\r\n\t\t\t\t\t<div class=\"primrose-sow-hero-slide primrose-sow-hero-slide-1\" style=\"background-color: #f3f3f3;\">\r\n\t\t\t\t<div class=\"primrose-sow-hero-slide-background primrose-sow-background-cover primrose-sow-parallax-background\">\r\n\t\t\t\t\t\r\n\t\t\t\t\t\t\t\t\t\t\t\t<img class=\"primrose-sow-hero-slide-background-image\" alt=\"\"\r\n\t\t\t\t\t\t\t\tsrc=\"https:\/\/manawea.com\/wp-content\/uploads\/2018\/04\/macram\u00e9-mural-scaled.jpg\"\r\n\t\t\t\t\t\t\t\theight=\"1706\"\r\n\t\t\t\t\t\t\t\twidth=\"2560\"\r\n\t\t\t\t\t\t\t\tdata-stellar-ratio=\"0.5\">\r\n\t\t\t\t\t\t\r\n\t\t\t\t\t\r\n\t\t\t\t<\/div><!-- .primrose-sow-hero-slide-background -->\r\n\r\n\t\t\t\t<div class=\"primrose-sow-hero-slide-overlay\" style=\"background-color: rgba(0,0,0,0);\"><\/div>\r\n\r\n\t\t\t\t<div class=\"primrose-sow-hero-slide-content\">\r\n\t\t\t\t\t<div class=\"primrose-sow-hero-slide-content-inner\">\r\n\t\t\t\t\t\t\t\t\t\t\t\t\t<div class=\"primrose-sow-hero-slide-title\">D\u00e9coration d'inspiration boh\u00e8me<\/div>\r\n\t\t\t\t\t\t\r\n\t\t\t\t\t\t<div\n\t\t\t\n\t\t\tclass=\"so-widget-primrose-sow-buttons so-widget-primrose-sow-buttons-default-97c306651842\"\n\t\t\t\n\t\t>\t<div class=\"primrose-sow-buttons primrose-sow-alignment-center\">\r\n\t\t\t\t\t<a href=\"http:\/\/manawea.com\/index.php\/categorie-produit\/guirlandes\/\"\r\n\t\t\t\tclass=\"primrose-sow-button primrose-sow-button-0 button anchor-link\"\r\n\t\t\t\t>\r\n\t\t\t\tVOIR\t\t\t<\/a>\r\n\t\t\t<\/div><!-- .primrose-sow-buttons -->\r\n<\/div>\t\t\t\t\t<\/div>\r\n\t\t\t\t<\/div><!-- .primrose-sow-hero-slide-content -->\r\n\t\t\t\t\r\n\t\t\t<\/div><!-- .primrose-sow-hero-slide -->\r\n\t\t\t<\/div><!-- .primrose-sow-hero-slider -->\r\n<\/div><\/div><\/div><\/div><div id=\"pg-507-2\"  class=\"panel-grid panel-no-style\" ><div id=\"pgc-507-2-0\"  class=\"panel-grid-cell\" ><\/div><\/div><div id=\"pg-507-3\"  class=\"panel-grid panel-has-style\" ><div class=\"siteorigin-panels-stretch panel-row-style panel-row-style-for-507-3\" data-stretch-type=\"full-stretched\" ><div id=\"pgc-507-3-0\"  class=\"panel-grid-cell\" ><div id=\"panel-507-3-0-0\" class=\"so-panel widget widget_primrose-sow-masonry-grid panel-first-child panel-last-child\" data-index=\"3\" ><div\n\t\t\t\n\t\t\tclass=\"so-widget-primrose-sow-masonry-grid so-widget-primrose-sow-masonry-grid-default-d75171398898-507\"\n\t\t\t\n\t\t><div class=\"primrose-sow-masonry-grid\" data-layouts=\"{&quot;desktop&quot;:{&quot;numColumns&quot;:10,&quot;rowHeight&quot;:&quot;5%&quot;,&quot;gutter&quot;:&quot;10px&quot;},&quot;normal&quot;:{&quot;numColumns&quot;:10,&quot;rowHeight&quot;:&quot;5%&quot;,&quot;gutter&quot;:&quot;10px&quot;},&quot;tablet&quot;:{&quot;numColumns&quot;:10,&quot;rowHeight&quot;:&quot;5%&quot;,&quot;gutter&quot;:&quot;10px&quot;},&quot;mobile&quot;:{&quot;numColumns&quot;:1,&quot;rowHeight&quot;:&quot;15%&quot;,&quot;gutter&quot;:&quot;10px&quot;},&quot;mobileSmall&quot;:{&quot;numColumns&quot;:1,&quot;rowHeight&quot;:&quot;15%&quot;,&quot;gutter&quot;:&quot;10px&quot;}}\">\r\n\t<div class=\"primrose-sow-masonry-grid-sizer-width\"><\/div>\r\n\t<div class=\"primrose-sow-masonry-grid-sizer-height\" style=\"width: 0;\"><\/div>\r\n\t<div class=\"primrose-sow-masonry-grid-sizer-gutter\"><\/div>\r\n\r\n\t<div class=\"primrose-sow-masonry-grid-item primrose-sow-masonry-grid-item-zoom-effect\" data-col-span=\"3\" data-row-span=\"3\">\r\n\t\t\t\t<a href=\"https:\/\/manawea.com\/index.php\/categorie-produit\/objet-deco\/\" class=\"primrose-sow-masonry-grid-item-inner\" >\r\n\t\t\t\t\t<div class=\"primrose-sow-masonry-grid-item-background\" style=\"background-color: #f3f3f3; background-image: url(https:\/\/manawea.com\/wp-content\/uploads\/2020\/02\/Decoration-macrame-scaled.jpg);\"><\/div>\r\n\r\n\t\t\t\t\t<div class=\"primrose-sow-masonry-grid-item-overlay\" style=\"background-color: rgba(0,0,0,0.1);\"><\/div>\r\n\r\n\t\t\t\t\t<div class=\"primrose-sow-masonry-grid-item-content\">\r\n\t\t\t\t\t\t<div class=\"primrose-sow-masonry-grid-item-content-inner\">\r\n\t\t\t\t\t\t\t<div class=\"primrose-sow-masonry-grid-item-title\" style=\"color: #ffffff;\">Accessoires &amp; D\u00e9co<\/div>\r\n\t\t\t\t\t\t\t\r\n\t\t\t\t\t\t<\/div>\r\n\t\t\t\t\t<\/div>\r\n\t\t\t\t<\/a>\r\n\t\t\t<\/div><div class=\"primrose-sow-masonry-grid-item primrose-sow-masonry-grid-item-zoom-effect\" data-col-span=\"3\" data-row-span=\"4\">\r\n\t\t\t\t<a href=\"https:\/\/manawea.com\/index.php\/categorie-produit\/laiton-cuivre\/\" class=\"primrose-sow-masonry-grid-item-inner\" >\r\n\t\t\t\t\t<div class=\"primrose-sow-masonry-grid-item-background\" style=\"background-color: #f3f3f3; background-image: url(https:\/\/manawea.com\/wp-content\/uploads\/2018\/03\/Hirondelles-murales-en-laiton.jpg);\"><\/div>\r\n\r\n\t\t\t\t\t<div class=\"primrose-sow-masonry-grid-item-overlay\" style=\"background-color: rgba(0,0,0,0.1);\"><\/div>\r\n\r\n\t\t\t\t\t<div class=\"primrose-sow-masonry-grid-item-content\">\r\n\t\t\t\t\t\t<div class=\"primrose-sow-masonry-grid-item-content-inner\">\r\n\t\t\t\t\t\t\t<div class=\"primrose-sow-masonry-grid-item-title\" style=\"color: #ffffff;\">Laiton &amp; Cuivre<\/div>\r\n\t\t\t\t\t\t\t\r\n\t\t\t\t\t\t<\/div>\r\n\t\t\t\t\t<\/div>\r\n\t\t\t\t<\/a>\r\n\t\t\t<\/div><div class=\"primrose-sow-masonry-grid-item primrose-sow-masonry-grid-item-zoom-effect\" data-col-span=\"4\" data-row-span=\"4\">\r\n\t\t\t\t<a href=\"https:\/\/manawea.com\/index.php\/categorie-produit\/decoration-murale-en-macrame\/\" class=\"primrose-sow-masonry-grid-item-inner\" >\r\n\t\t\t\t\t<div class=\"primrose-sow-masonry-grid-item-background\" style=\"background-color: #f3f3f3; background-image: url(https:\/\/manawea.com\/wp-content\/uploads\/2020\/02\/Grand-macrame-mural-scaled.jpg);\"><\/div>\r\n\r\n\t\t\t\t\t<div class=\"primrose-sow-masonry-grid-item-overlay\" style=\"background-color: rgba(0,0,0,0.1);\"><\/div>\r\n\r\n\t\t\t\t\t<div class=\"primrose-sow-masonry-grid-item-content\">\r\n\t\t\t\t\t\t<div class=\"primrose-sow-masonry-grid-item-content-inner\">\r\n\t\t\t\t\t\t\t<div class=\"primrose-sow-masonry-grid-item-title\" style=\"color: #ffffff;\">D\u00e9corations murales<\/div>\r\n\t\t\t\t\t\t\t\r\n\t\t\t\t\t\t<\/div>\r\n\t\t\t\t\t<\/div>\r\n\t\t\t\t<\/a>\r\n\t\t\t<\/div><div class=\"primrose-sow-masonry-grid-item primrose-sow-masonry-grid-item-zoom-effect\" data-col-span=\"3\" data-row-span=\"4\">\r\n\t\t\t\t<a href=\"https:\/\/manawea.com\/index.php\/categorie-produit\/miroirs-en-macrame\/\" class=\"primrose-sow-masonry-grid-item-inner\" >\r\n\t\t\t\t\t<div class=\"primrose-sow-masonry-grid-item-background\" style=\"background-color: #f3f3f3; background-image: url(https:\/\/manawea.com\/wp-content\/uploads\/2020\/02\/Miroir-rond-en-jute-dinspiration-ethnique-scaled.jpg);\"><\/div>\r\n\r\n\t\t\t\t\t<div class=\"primrose-sow-masonry-grid-item-overlay\" style=\"background-color: rgba(0,0,0,0.1);\"><\/div>\r\n\r\n\t\t\t\t\t<div class=\"primrose-sow-masonry-grid-item-content\">\r\n\t\t\t\t\t\t<div class=\"primrose-sow-masonry-grid-item-content-inner\">\r\n\t\t\t\t\t\t\t<div class=\"primrose-sow-masonry-grid-item-title\" style=\"color: #ffffff;\">miroirs<\/div>\r\n\t\t\t\t\t\t\t\r\n\t\t\t\t\t\t<\/div>\r\n\t\t\t\t\t<\/div>\r\n\t\t\t\t<\/a>\r\n\t\t\t<\/div><div class=\"primrose-sow-masonry-grid-item primrose-sow-masonry-grid-item-zoom-effect\" data-col-span=\"4\" data-row-span=\"3\">\r\n\t\t\t\t<a href=\"http:\/\/manawea.com\/index.php\/categorie-produit\/guirlandes\/\" class=\"primrose-sow-masonry-grid-item-inner\" >\r\n\t\t\t\t\t<div class=\"primrose-sow-masonry-grid-item-background\" style=\"background-color: #f3f3f3; background-image: url(https:\/\/manawea.com\/wp-content\/uploads\/2018\/04\/guirlande-macram\u00e9-murale-scaled.jpg);\"><\/div>\r\n\r\n\t\t\t\t\t<div class=\"primrose-sow-masonry-grid-item-overlay\" style=\"background-color: rgba(0,0,0,0.1);\"><\/div>\r\n\r\n\t\t\t\t\t<div class=\"primrose-sow-masonry-grid-item-content\">\r\n\t\t\t\t\t\t<div class=\"primrose-sow-masonry-grid-item-content-inner\">\r\n\t\t\t\t\t\t\t<div class=\"primrose-sow-masonry-grid-item-title\" style=\"color: #ffffff;\">Guirlandes<\/div>\r\n\t\t\t\t\t\t\t\r\n\t\t\t\t\t\t<\/div>\r\n\t\t\t\t\t<\/div>\r\n\t\t\t\t<\/a>\r\n\t\t\t<\/div><div class=\"primrose-sow-masonry-grid-item primrose-sow-masonry-grid-item-zoom-effect\" data-col-span=\"3\" data-row-span=\"3\">\r\n\t\t\t\t<a href=\"https:\/\/manawea.com\/index.php\/categorie-produit\/materiel-pour-macrame-diy\/\" class=\"primrose-sow-masonry-grid-item-inner\" >\r\n\t\t\t\t\t<div class=\"primrose-sow-masonry-grid-item-background\" style=\"background-color: #f3f3f3; background-image: url(https:\/\/manawea.com\/wp-content\/uploads\/2020\/02\/corde-jute-pour-macrame-scaled.jpg);\"><\/div>\r\n\r\n\t\t\t\t\t<div class=\"primrose-sow-masonry-grid-item-overlay\" style=\"background-color: rgba(0,0,0,0.1);\"><\/div>\r\n\r\n\t\t\t\t\t<div class=\"primrose-sow-masonry-grid-item-content\">\r\n\t\t\t\t\t\t<div class=\"primrose-sow-masonry-grid-item-content-inner\">\r\n\t\t\t\t\t\t\t<div class=\"primrose-sow-masonry-grid-item-title\" style=\"color: #ffffff;\">mat\u00e9riel<\/div>\r\n\t\t\t\t\t\t\t\r\n\t\t\t\t\t\t<\/div>\r\n\t\t\t\t\t<\/div>\r\n\t\t\t\t<\/a>\r\n\t\t\t<\/div><\/div><!-- .primrose-sow-masonry-grid -->\r\n<\/div><\/div><\/div><\/div><\/div><div id=\"pg-507-4\"  class=\"panel-grid panel-has-style\" ><div class=\"panel-row-style panel-row-style-for-507-4\" ><div id=\"pgc-507-4-0\"  class=\"panel-grid-cell\" ><div id=\"panel-507-4-0-0\" class=\"so-panel widget widget_primrose-sow-heading panel-first-child\" data-index=\"4\" ><div\n\t\t\t\n\t\t\tclass=\"so-widget-primrose-sow-heading so-widget-primrose-sow-heading-default-d75171398898-507\"\n\t\t\t\n\t\t><h2 class=\"primrose-sow-heading primrose-sow-alignment-center\">Les nouveaut\u00e9s<\/h2><\/div><\/div><div id=\"panel-507-4-0-1\" class=\"so-panel widget widget_primrose-sow-woocommerce-posts-grid panel-last-child\" data-index=\"5\" ><div\n\t\t\t\n\t\t\tclass=\"so-widget-primrose-sow-woocommerce-posts-grid so-widget-primrose-sow-woocommerce-posts-grid-default-d75171398898-507\"\n\t\t\t\n\t\t><div class=\"primrose-sow-woocommerce-posts-grid\">\r\n\t<!-- [products ids=\"1072, 1539, 1757, 2127\" limit=\"4\" columns=\"4\" orderby=\"date\" order=\"desc\"] -->\t<div class=\"woocommerce columns-4 \"><ul class=\"products columns-4\">\n<li class=\"product type-product post-2127 status-publish first instock product_cat-laiton-cuivre product_cat-non-classe has-post-thumbnail shipping-taxable purchasable product-type-simple\">\n\t<\/li>\n<li class=\"product type-product post-1757 status-publish instock product_cat-laiton-cuivre product_cat-objet-deco has-post-thumbnail shipping-taxable purchasable product-type-variable\">\n\t<\/li>\n<li class=\"product type-product post-1539 status-publish instock product_cat-laiton-cuivre product_cat-non-classe product_cat-objet-deco has-post-thumbnail shipping-taxable purchasable product-type-simple\">\n\t<\/li>\n<li class=\"product type-product post-1072 status-publish last instock product_cat-laiton-cuivre product_cat-objet-deco has-post-thumbnail shipping-taxable purchasable product-type-simple\">\n\t<\/li>\n<\/ul>\n<\/div><\/div><\/div><\/div><\/div><\/div><\/div><\/div>","protected":false},"excerpt":{"rendered":"<p>macram\u00e9 po\u00e9tique voir les cr\u00e9ations D\u00e9coration d&rsquo;inspiration boh\u00e8me VOIR Accessoires &amp; D\u00e9co Laiton &amp; Cuivre D\u00e9corations murales miroirs Guirlandes mat\u00e9riel Les nouveaut\u00e9s<\/p>\n","protected":false},"author":1,"featured_media":0,"parent":0,"menu_order":0,"comment_status":"closed","ping_status":"closed","template":"page-templates\/blank.php","meta":[],"yoast_head":"<!-- This site is optimized with the Yoast SEO plugin v21.6 - https:\/\/yoast.com\/wordpress\/plugins\/seo\/ -->\n<title>ACCUEIL &#8226; Manawea<\/title>\n<meta name=\"robots\" content=\"index, follow, max-snippet:-1, max-image-preview:large, max-video-preview:-1\" \/>\n<link rel=\"canonical\" href=\"https:\/\/manawea.com\/\" \/>\n<meta property=\"og:locale\" content=\"fr_FR\" \/>\n<meta property=\"og:type\" content=\"article\" \/>\n<meta property=\"og:title\" content=\"ACCUEIL &#8226; Manawea\" \/>\n<meta property=\"og:description\" content=\"macram\u00e9 po\u00e9tique voir les cr\u00e9ations D\u00e9coration d&#039;inspiration boh\u00e8me VOIR Accessoires &amp; D\u00e9co Laiton &amp; Cuivre D\u00e9corations murales miroirs Guirlandes mat\u00e9riel Les nouveaut\u00e9s\" \/>\n<meta property=\"og:url\" content=\"https:\/\/manawea.com\/\" \/>\n<meta property=\"og:site_name\" content=\"Manawea\" \/>\n<meta property=\"article:publisher\" content=\"https:\/\/www.facebook.com\/manaweamacrame\/\" \/>\n<meta property=\"article:modified_time\" content=\"2022-10-07T13:53:55+00:00\" \/>\n<meta name=\"twitter:card\" content=\"summary_large_image\" \/>\n<meta name=\"twitter:label1\" content=\"Dur\u00e9e de lecture estim\u00e9e\" \/>\n\t<meta name=\"twitter:data1\" content=\"1 minute\" \/>\n<script type=\"application\/ld+json\" class=\"yoast-schema-graph\">{\"@context\":\"https:\/\/schema.org\",\"@graph\":[{\"@type\":\"WebPage\",\"@id\":\"https:\/\/manawea.com\/\",\"url\":\"https:\/\/manawea.com\/\",\"name\":\"ACCUEIL &#8226; Manawea\",\"isPartOf\":{\"@id\":\"https:\/\/manawea.com\/#website\"},\"datePublished\":\"2016-02-05T00:47:03+00:00\",\"dateModified\":\"2022-10-07T13:53:55+00:00\",\"breadcrumb\":{\"@id\":\"https:\/\/manawea.com\/#breadcrumb\"},\"inLanguage\":\"fr-FR\",\"potentialAction\":[{\"@type\":\"ReadAction\",\"target\":[\"https:\/\/manawea.com\/\"]}]},{\"@type\":\"BreadcrumbList\",\"@id\":\"https:\/\/manawea.com\/#breadcrumb\",\"itemListElement\":[{\"@type\":\"ListItem\",\"position\":1,\"name\":\"Accueil\",\"item\":\"https:\/\/manawea.com\/\"},{\"@type\":\"ListItem\",\"position\":2,\"name\":\"ACCUEIL\"}]},{\"@type\":\"WebSite\",\"@id\":\"https:\/\/manawea.com\/#website\",\"url\":\"https:\/\/manawea.com\/\",\"name\":\"Manawea Macram\u00e9s po\u00e9tiques\",\"description\":\"D\u00e9coration en laiton et macram\u00e9\",\"publisher\":{\"@id\":\"https:\/\/manawea.com\/#organization\"},\"potentialAction\":[{\"@type\":\"SearchAction\",\"target\":{\"@type\":\"EntryPoint\",\"urlTemplate\":\"https:\/\/manawea.com\/?s={search_term_string}\"},\"query-input\":\"required name=search_term_string\"}],\"inLanguage\":\"fr-FR\"},{\"@type\":\"Organization\",\"@id\":\"https:\/\/manawea.com\/#organization\",\"name\":\"manawea\",\"url\":\"https:\/\/manawea.com\/\",\"logo\":{\"@type\":\"ImageObject\",\"inLanguage\":\"fr-FR\",\"@id\":\"https:\/\/manawea.com\/#\/schema\/logo\/image\/\",\"url\":\"https:\/\/manawea.com\/wp-content\/uploads\/2018\/04\/logo.jpg\",\"contentUrl\":\"https:\/\/manawea.com\/wp-content\/uploads\/2018\/04\/logo.jpg\",\"width\":2341,\"height\":2485,\"caption\":\"manawea\"},\"image\":{\"@id\":\"https:\/\/manawea.com\/#\/schema\/logo\/image\/\"},\"sameAs\":[\"https:\/\/www.facebook.com\/manaweamacrame\/\",\"https:\/\/www.instagram.com\/_manawea\/\"]}]}<\/script>\n<!-- \/ Yoast SEO plugin. -->","yoast_head_json":{"title":"ACCUEIL &#8226; Manawea","robots":{"index":"index","follow":"follow","max-snippet":"max-snippet:-1","max-image-preview":"max-image-preview:large","max-video-preview":"max-video-preview:-1"},"canonical":"https:\/\/manawea.com\/","og_locale":"fr_FR","og_type":"article","og_title":"ACCUEIL &#8226; Manawea","og_description":"macram\u00e9 po\u00e9tique voir les cr\u00e9ations D\u00e9coration d'inspiration boh\u00e8me VOIR Accessoires &amp; D\u00e9co Laiton &amp; Cuivre D\u00e9corations murales miroirs Guirlandes mat\u00e9riel Les nouveaut\u00e9s","og_url":"https:\/\/manawea.com\/","og_site_name":"Manawea","article_publisher":"https:\/\/www.facebook.com\/manaweamacrame\/","article_modified_time":"2022-10-07T13:53:55+00:00","twitter_card":"summary_large_image","twitter_misc":{"Dur\u00e9e de lecture estim\u00e9e":"1 minute"},"schema":{"@context":"https:\/\/schema.org","@graph":[{"@type":"WebPage","@id":"https:\/\/manawea.com\/","url":"https:\/\/manawea.com\/","name":"ACCUEIL &#8226; Manawea","isPartOf":{"@id":"https:\/\/manawea.com\/#website"},"datePublished":"2016-02-05T00:47:03+00:00","dateModified":"2022-10-07T13:53:55+00:00","breadcrumb":{"@id":"https:\/\/manawea.com\/#breadcrumb"},"inLanguage":"fr-FR","potentialAction":[{"@type":"ReadAction","target":["https:\/\/manawea.com\/"]}]},{"@type":"BreadcrumbList","@id":"https:\/\/manawea.com\/#breadcrumb","itemListElement":[{"@type":"ListItem","position":1,"name":"Accueil","item":"https:\/\/manawea.com\/"},{"@type":"ListItem","position":2,"name":"ACCUEIL"}]},{"@type":"WebSite","@id":"https:\/\/manawea.com\/#website","url":"https:\/\/manawea.com\/","name":"Manawea Macram\u00e9s po\u00e9tiques","description":"D\u00e9coration en laiton et macram\u00e9","publisher":{"@id":"https:\/\/manawea.com\/#organization"},"potentialAction":[{"@type":"SearchAction","target":{"@type":"EntryPoint","urlTemplate":"https:\/\/manawea.com\/?s={search_term_string}"},"query-input":"required name=search_term_string"}],"inLanguage":"fr-FR"},{"@type":"Organization","@id":"https:\/\/manawea.com\/#organization","name":"manawea","url":"https:\/\/manawea.com\/","logo":{"@type":"ImageObject","inLanguage":"fr-FR","@id":"https:\/\/manawea.com\/#\/schema\/logo\/image\/","url":"https:\/\/manawea.com\/wp-content\/uploads\/2018\/04\/logo.jpg","contentUrl":"https:\/\/manawea.com\/wp-content\/uploads\/2018\/04\/logo.jpg","width":2341,"height":2485,"caption":"manawea"},"image":{"@id":"https:\/\/manawea.com\/#\/schema\/logo\/image\/"},"sameAs":["https:\/\/www.facebook.com\/manaweamacrame\/","https:\/\/www.instagram.com\/_manawea\/"]}]}},"_links":{"self":[{"href":"https:\/\/manawea.com\/index.php\/wp-json\/wp\/v2\/pages\/507"}],"collection":[{"href":"https:\/\/manawea.com\/index.php\/wp-json\/wp\/v2\/pages"}],"about":[{"href":"https:\/\/manawea.com\/index.php\/wp-json\/wp\/v2\/types\/page"}],"author":[{"embeddable":true,"href":"https:\/\/manawea.com\/index.php\/wp-json\/wp\/v2\/users\/1"}],"replies":[{"embeddable":true,"href":"https:\/\/manawea.com\/index.php\/wp-json\/wp\/v2\/comments?post=507"}],"version-history":[{"count":183,"href":"https:\/\/manawea.com\/index.php\/wp-json\/wp\/v2\/pages\/507\/revisions"}],"predecessor-version":[{"id":2137,"href":"https:\/\/manawea.com\/index.php\/wp-json\/wp\/v2\/pages\/507\/revisions\/2137"}],"wp:attachment":[{"href":"https:\/\/manawea.com\/index.php\/wp-json\/wp\/v2\/media?parent=507"}],"curies":[{"name":"wp","href":"https:\/\/api.w.org\/{rel}","templated":true}]}}