{"id":1404,"date":"2018-10-27T17:32:48","date_gmt":"2018-10-27T16:32:48","guid":{"rendered":"https:\/\/manawea.com\/?post_type=product&#038;p=1404"},"modified":"2022-12-30T10:57:24","modified_gmt":"2022-12-30T09:57:24","slug":"petit-miroir-artisanal-en-jute-et-macrame","status":"publish","type":"product","link":"https:\/\/manawea.com\/index.php\/produit\/petit-miroir-artisanal-en-jute-et-macrame\/","title":{"rendered":"Petit miroir artisanal en jute et macram\u00e9"},"content":{"rendered":"<p>Ce petit miroir artisanal est r\u00e9alis\u00e9 avec de la corde de jute \u00e0 l&rsquo;aide de la technique du macram\u00e9. Il est tress\u00e9 \u00e0 la main dans mon atelier dans le sud de la France.<\/p>\n<p>Dimensions du miroir:<br \/>\n-diam\u00e8tre du miroir seul: 10cm<br \/>\n-diam\u00e8tre avec le macram\u00e9: environ 16cm<\/p>\n<p>Ce petit miroir artisanal en jute et macram\u00e9 apportera de l&rsquo;int\u00e9r\u00eat et une touche d&rsquo;originalit\u00e9 \u00e0 vos murs. Avec son design simple il donnera un aspect brut et ethnique \u00e0 votre int\u00e9rieur.<\/p>\n<p>A accrocher aux murs seul ou en accumulation.<br \/>\nVous pouvez retrouver le moyen mod\u00e8le ici:\u00a0<a href=\"https:\/\/manawea.com\/index.php\/produit\/miroir-rond-en-jute\/\">https:\/\/manawea.com\/index.php\/produit\/miroir-rond-en-jute\/<\/a><\/p>\n<p><span style=\"display: inline !important; float: none; background-color: transparent; color: #666666; font-family: 'Quicksand'; font-size: 14px; font-style: normal; font-variant: normal; font-weight: 400; letter-spacing: normal; orphans: 2; text-align: left; text-decoration: none; text-indent: 0px; text-transform: none; -webkit-text-stroke-width: 0px; white-space: normal; word-spacing: 0px;\">\u2013 CREATION SUR COMMANDE:<\/span><br \/>\n<span style=\"display: inline !important; float: none; background-color: transparent; color: #666666; font-family: 'Quicksand'; font-size: 14px; font-style: normal; font-variant: normal; font-weight: 400; letter-spacing: normal; orphans: 2; text-align: left; text-decoration: none; text-indent: 0px; text-transform: none; -webkit-text-stroke-width: 0px; white-space: normal; word-spacing: 0px;\"> Chaque pi\u00e8ce est faite sur commande. Le macram\u00e9 sera reproduit aussi pr\u00e9cis\u00e9ment que possible. Mais la r\u00e9alisation \u00e0 la main fait qu\u2019une variation l\u00e9g\u00e8re est in\u00e9vitable. De ce fait, tous les macram\u00e9s sont des pi\u00e8ces uniques.<\/span><br \/>\n<span style=\"display: inline !important; float: none; background-color: transparent; color: #666666; font-family: 'Quicksand'; font-size: 14px; font-style: normal; font-variant: normal; font-weight: 400; letter-spacing: normal; orphans: 2; text-align: left; text-decoration: none; text-indent: 0px; text-transform: none; -webkit-text-stroke-width: 0px; white-space: normal; word-spacing: 0px;\"> Un d\u00e9lai de 5 jours de cr\u00e9ation est n\u00e9cessaire pour la cr\u00e9ation de cette pi\u00e8ce. D\u00e8s qu\u2019elle sera r\u00e9alis\u00e9e, je l\u2019emballerai avec soin et l\u2019exp\u00e9dierai rapidement. Je ferai de mon mieux pour rendre le temps de traitement aussi court que possible. (Si vous avez un d\u00e9lai \u00e0 respecter, contactez-moi pour que je traite votre commande rapidement).<\/span><br \/>\n<span style=\"display: inline !important; float: none; background-color: transparent; color: #666666; font-family: 'Quicksand'; font-size: 14px; font-style: normal; font-variant: normal; font-weight: 400; letter-spacing: normal; orphans: 2; text-align: left; text-decoration: none; text-indent: 0px; text-transform: none; -webkit-text-stroke-width: 0px; white-space: normal; word-spacing: 0px;\"> \u2013 PERSONNALISATION:<\/span><br \/>\n<span style=\"display: inline !important; float: none; background-color: transparent; color: #666666; font-family: 'Quicksand'; font-size: 14px; font-style: normal; font-variant: normal; font-weight: 400; letter-spacing: normal; orphans: 2; text-align: left; text-decoration: none; text-indent: 0px; text-transform: none; -webkit-text-stroke-width: 0px; white-space: normal; word-spacing: 0px;\"> Si vous souhaitez une pi\u00e8ce sp\u00e9ciale, je serai ravie d\u2019adapter mes cr\u00e9ations \u00e0 vos envies et besoins (dimensions sp\u00e9ciales, motifs diff\u00e9rents, couleurs diff\u00e9rentes\u2026)<\/span><br \/>\n<span style=\"display: inline !important; float: none; background-color: transparent; color: #666666; font-family: 'Quicksand'; font-size: 14px; font-style: normal; font-variant: normal; font-weight: 400; letter-spacing: normal; orphans: 2; text-align: left; text-decoration: none; text-indent: 0px; text-transform: none; -webkit-text-stroke-width: 0px; white-space: normal; word-spacing: 0px;\"> Si vous avez des questions, n\u2019h\u00e9sitez pas \u00e0 me contacter, j\u2019y r\u00e9pondrai avec plaisir.<\/span><\/p>\n","protected":false},"excerpt":{"rendered":"<p>Ce petit miroir artisanal est r\u00e9alis\u00e9 avec de la corde de jute \u00e0 l&rsquo;aide de la technique du macram\u00e9. Il est tress\u00e9 \u00e0 la main dans mon atelier dans le sud de la France.<\/p>\n<p>Dimensions du miroir:<br \/>\n-diam\u00e8tre du miroir seul: 10cm<br \/>\n-diam\u00e8tre avec le macram\u00e9: environ 16cm<\/p>\n<p>Il apportera une touche ethnique et brut \u00e0 votre d\u00e9coration.<\/p>\n","protected":false},"featured_media":1405,"template":"","meta":[],"product_cat":[75],"product_tag":[],"yoast_head":"<!-- This site is optimized with the Yoast SEO plugin v21.6 - https:\/\/yoast.com\/wordpress\/plugins\/seo\/ -->\n<title>Petit miroir artisanal en jute et macram\u00e9 &#8226; Manawea<\/title>\n<meta name=\"description\" content=\"Petit miroir mural artisanal en jute. Tress\u00e9 \u00e0 la main \u00e0 l&#039;aide de la technique du macram\u00e9. Apporte une touche brut et ethnique \u00e0 votre d\u00e9coration.\" \/>\n<meta name=\"robots\" content=\"index, follow, max-snippet:-1, max-image-preview:large, max-video-preview:-1\" \/>\n<link rel=\"canonical\" href=\"https:\/\/manawea.com\/index.php\/produit\/petit-miroir-artisanal-en-jute-et-macrame\/\" \/>\n<meta property=\"og:locale\" content=\"fr_FR\" \/>\n<meta property=\"og:type\" content=\"article\" \/>\n<meta property=\"og:title\" content=\"Petit miroir artisanal en jute et macram\u00e9 &#8226; Manawea\" \/>\n<meta property=\"og:description\" content=\"Petit miroir mural artisanal en jute. Tress\u00e9 \u00e0 la main \u00e0 l&#039;aide de la technique du macram\u00e9. Apporte une touche brut et ethnique \u00e0 votre d\u00e9coration.\" \/>\n<meta property=\"og:url\" content=\"https:\/\/manawea.com\/index.php\/produit\/petit-miroir-artisanal-en-jute-et-macrame\/\" \/>\n<meta property=\"og:site_name\" content=\"Manawea\" \/>\n<meta property=\"article:publisher\" content=\"https:\/\/www.facebook.com\/manaweamacrame\/\" \/>\n<meta property=\"article:modified_time\" content=\"2022-12-30T09:57:24+00:00\" \/>\n<meta property=\"og:image\" content=\"https:\/\/manawea.com\/wp-content\/uploads\/2018\/10\/petit-miroir-artisanal-en-jute-et-macram\u00e9-scaled.jpg\" \/>\n\t<meta property=\"og:image:width\" content=\"2560\" \/>\n\t<meta property=\"og:image:height\" content=\"2560\" \/>\n\t<meta property=\"og:image:type\" content=\"image\/jpeg\" \/>\n<meta name=\"twitter:card\" content=\"summary_large_image\" \/>\n<meta name=\"twitter:label1\" content=\"Dur\u00e9e de lecture estim\u00e9e\" \/>\n\t<meta name=\"twitter:data1\" content=\"1 minute\" \/>\n<script type=\"application\/ld+json\" class=\"yoast-schema-graph\">{\"@context\":\"https:\/\/schema.org\",\"@graph\":[{\"@type\":\"WebPage\",\"@id\":\"https:\/\/manawea.com\/index.php\/produit\/petit-miroir-artisanal-en-jute-et-macrame\/\",\"url\":\"https:\/\/manawea.com\/index.php\/produit\/petit-miroir-artisanal-en-jute-et-macrame\/\",\"name\":\"Petit miroir artisanal en jute et macram\u00e9 &#8226; Manawea\",\"isPartOf\":{\"@id\":\"https:\/\/manawea.com\/#website\"},\"datePublished\":\"2018-10-27T16:32:48+00:00\",\"dateModified\":\"2022-12-30T09:57:24+00:00\",\"description\":\"Petit miroir mural artisanal en jute. Tress\u00e9 \u00e0 la main \u00e0 l'aide de la technique du macram\u00e9. Apporte une touche brut et ethnique \u00e0 votre d\u00e9coration.\",\"breadcrumb\":{\"@id\":\"https:\/\/manawea.com\/index.php\/produit\/petit-miroir-artisanal-en-jute-et-macrame\/#breadcrumb\"},\"inLanguage\":\"fr-FR\",\"potentialAction\":[{\"@type\":\"ReadAction\",\"target\":[\"https:\/\/manawea.com\/index.php\/produit\/petit-miroir-artisanal-en-jute-et-macrame\/\"]}]},{\"@type\":\"BreadcrumbList\",\"@id\":\"https:\/\/manawea.com\/index.php\/produit\/petit-miroir-artisanal-en-jute-et-macrame\/#breadcrumb\",\"itemListElement\":[{\"@type\":\"ListItem\",\"position\":1,\"name\":\"Accueil\",\"item\":\"https:\/\/manawea.com\/\"},{\"@type\":\"ListItem\",\"position\":2,\"name\":\"Boutique\",\"item\":\"https:\/\/manawea.com\/index.php\/shop\/\"},{\"@type\":\"ListItem\",\"position\":3,\"name\":\"Petit miroir artisanal en jute et macram\u00e9\"}]},{\"@type\":\"WebSite\",\"@id\":\"https:\/\/manawea.com\/#website\",\"url\":\"https:\/\/manawea.com\/\",\"name\":\"Manawea Macram\u00e9s po\u00e9tiques\",\"description\":\"D\u00e9coration en laiton et macram\u00e9\",\"publisher\":{\"@id\":\"https:\/\/manawea.com\/#organization\"},\"potentialAction\":[{\"@type\":\"SearchAction\",\"target\":{\"@type\":\"EntryPoint\",\"urlTemplate\":\"https:\/\/manawea.com\/?s={search_term_string}\"},\"query-input\":\"required name=search_term_string\"}],\"inLanguage\":\"fr-FR\"},{\"@type\":\"Organization\",\"@id\":\"https:\/\/manawea.com\/#organization\",\"name\":\"manawea\",\"url\":\"https:\/\/manawea.com\/\",\"logo\":{\"@type\":\"ImageObject\",\"inLanguage\":\"fr-FR\",\"@id\":\"https:\/\/manawea.com\/#\/schema\/logo\/image\/\",\"url\":\"https:\/\/manawea.com\/wp-content\/uploads\/2018\/04\/logo.jpg\",\"contentUrl\":\"https:\/\/manawea.com\/wp-content\/uploads\/2018\/04\/logo.jpg\",\"width\":2341,\"height\":2485,\"caption\":\"manawea\"},\"image\":{\"@id\":\"https:\/\/manawea.com\/#\/schema\/logo\/image\/\"},\"sameAs\":[\"https:\/\/www.facebook.com\/manaweamacrame\/\",\"https:\/\/www.instagram.com\/_manawea\/\"]}]}<\/script>\n<!-- \/ Yoast SEO plugin. -->","yoast_head_json":{"title":"Petit miroir artisanal en jute et macram\u00e9 &#8226; Manawea","description":"Petit miroir mural artisanal en jute. Tress\u00e9 \u00e0 la main \u00e0 l'aide de la technique du macram\u00e9. Apporte une touche brut et ethnique \u00e0 votre d\u00e9coration.","robots":{"index":"index","follow":"follow","max-snippet":"max-snippet:-1","max-image-preview":"max-image-preview:large","max-video-preview":"max-video-preview:-1"},"canonical":"https:\/\/manawea.com\/index.php\/produit\/petit-miroir-artisanal-en-jute-et-macrame\/","og_locale":"fr_FR","og_type":"article","og_title":"Petit miroir artisanal en jute et macram\u00e9 &#8226; Manawea","og_description":"Petit miroir mural artisanal en jute. Tress\u00e9 \u00e0 la main \u00e0 l'aide de la technique du macram\u00e9. Apporte une touche brut et ethnique \u00e0 votre d\u00e9coration.","og_url":"https:\/\/manawea.com\/index.php\/produit\/petit-miroir-artisanal-en-jute-et-macrame\/","og_site_name":"Manawea","article_publisher":"https:\/\/www.facebook.com\/manaweamacrame\/","article_modified_time":"2022-12-30T09:57:24+00:00","og_image":[{"width":2560,"height":2560,"url":"https:\/\/manawea.com\/wp-content\/uploads\/2018\/10\/petit-miroir-artisanal-en-jute-et-macram\u00e9-scaled.jpg","type":"image\/jpeg"}],"twitter_card":"summary_large_image","twitter_misc":{"Dur\u00e9e de lecture estim\u00e9e":"1 minute"},"schema":{"@context":"https:\/\/schema.org","@graph":[{"@type":"WebPage","@id":"https:\/\/manawea.com\/index.php\/produit\/petit-miroir-artisanal-en-jute-et-macrame\/","url":"https:\/\/manawea.com\/index.php\/produit\/petit-miroir-artisanal-en-jute-et-macrame\/","name":"Petit miroir artisanal en jute et macram\u00e9 &#8226; Manawea","isPartOf":{"@id":"https:\/\/manawea.com\/#website"},"datePublished":"2018-10-27T16:32:48+00:00","dateModified":"2022-12-30T09:57:24+00:00","description":"Petit miroir mural artisanal en jute. Tress\u00e9 \u00e0 la main \u00e0 l'aide de la technique du macram\u00e9. Apporte une touche brut et ethnique \u00e0 votre d\u00e9coration.","breadcrumb":{"@id":"https:\/\/manawea.com\/index.php\/produit\/petit-miroir-artisanal-en-jute-et-macrame\/#breadcrumb"},"inLanguage":"fr-FR","potentialAction":[{"@type":"ReadAction","target":["https:\/\/manawea.com\/index.php\/produit\/petit-miroir-artisanal-en-jute-et-macrame\/"]}]},{"@type":"BreadcrumbList","@id":"https:\/\/manawea.com\/index.php\/produit\/petit-miroir-artisanal-en-jute-et-macrame\/#breadcrumb","itemListElement":[{"@type":"ListItem","position":1,"name":"Accueil","item":"https:\/\/manawea.com\/"},{"@type":"ListItem","position":2,"name":"Boutique","item":"https:\/\/manawea.com\/index.php\/shop\/"},{"@type":"ListItem","position":3,"name":"Petit miroir artisanal en jute et macram\u00e9"}]},{"@type":"WebSite","@id":"https:\/\/manawea.com\/#website","url":"https:\/\/manawea.com\/","name":"Manawea Macram\u00e9s po\u00e9tiques","description":"D\u00e9coration en laiton et macram\u00e9","publisher":{"@id":"https:\/\/manawea.com\/#organization"},"potentialAction":[{"@type":"SearchAction","target":{"@type":"EntryPoint","urlTemplate":"https:\/\/manawea.com\/?s={search_term_string}"},"query-input":"required name=search_term_string"}],"inLanguage":"fr-FR"},{"@type":"Organization","@id":"https:\/\/manawea.com\/#organization","name":"manawea","url":"https:\/\/manawea.com\/","logo":{"@type":"ImageObject","inLanguage":"fr-FR","@id":"https:\/\/manawea.com\/#\/schema\/logo\/image\/","url":"https:\/\/manawea.com\/wp-content\/uploads\/2018\/04\/logo.jpg","contentUrl":"https:\/\/manawea.com\/wp-content\/uploads\/2018\/04\/logo.jpg","width":2341,"height":2485,"caption":"manawea"},"image":{"@id":"https:\/\/manawea.com\/#\/schema\/logo\/image\/"},"sameAs":["https:\/\/www.facebook.com\/manaweamacrame\/","https:\/\/www.instagram.com\/_manawea\/"]}]}},"_links":{"self":[{"href":"https:\/\/manawea.com\/index.php\/wp-json\/wp\/v2\/product\/1404"}],"collection":[{"href":"https:\/\/manawea.com\/index.php\/wp-json\/wp\/v2\/product"}],"about":[{"href":"https:\/\/manawea.com\/index.php\/wp-json\/wp\/v2\/types\/product"}],"wp:featuredmedia":[{"embeddable":true,"href":"https:\/\/manawea.com\/index.php\/wp-json\/wp\/v2\/media\/1405"}],"wp:attachment":[{"href":"https:\/\/manawea.com\/index.php\/wp-json\/wp\/v2\/media?parent=1404"}],"wp:term":[{"taxonomy":"product_cat","embeddable":true,"href":"https:\/\/manawea.com\/index.php\/wp-json\/wp\/v2\/product_cat?post=1404"},{"taxonomy":"product_tag","embeddable":true,"href":"https:\/\/manawea.com\/index.php\/wp-json\/wp\/v2\/product_tag?post=1404"}],"curies":[{"name":"wp","href":"https:\/\/api.w.org\/{rel}","templated":true}]}}