{"id":1539,"date":"2019-03-07T18:35:25","date_gmt":"2019-03-07T17:35:25","guid":{"rendered":"https:\/\/manawea.com\/?post_type=product&#038;p=1539"},"modified":"2025-04-02T14:58:03","modified_gmt":"2025-04-02T13:58:03","slug":"colibris-en-laiton-lot-de-2","status":"publish","type":"product","link":"https:\/\/manawea.com\/index.php\/produit\/colibris-en-laiton-lot-de-2\/","title":{"rendered":"Colibris en laiton, lot de 2"},"content":{"rendered":"<p>Colibris en laiton vendu par lot de deux: un grand et un plus petit.<br \/>\n<span style=\"display: inline !important; float: none; background-color: transparent; color: #666666; cursor: text; font-family: 'Quicksand'; font-size: 14px; font-style: normal; font-variant: normal; font-weight: 400; letter-spacing: normal; orphans: 2; text-align: left; text-decoration: none; text-indent: 0px; text-transform: none; -webkit-text-stroke-width: 0px; white-space: normal; word-spacing: 0px;\">Je me suis inspir\u00e9 de l&rsquo;artisanat marocain et indien pour cr\u00e9er ces bijoux de murs.\u00a0<\/span><br \/>\nCes deux colibris sont dessin\u00e9s puis d\u00e9coup\u00e9s \u00e0 la main dans de fines plaques de laiton. De ce fait chaque pi\u00e8ce est unique. Celles que vous recevrez pourront \u00eatre l\u00e9g\u00e8rement diff\u00e9rentes de celles sur la photo.<\/p>\n<p>Leur poids plume leur permet d&rsquo;\u00eatre accroch\u00e9s n&rsquo;importe o\u00f9 \u00e0 l&rsquo;aide de pate \u00e0 fixe ou scotch double face. Vous pouvez les placer dans n&rsquo;importe quelle pi\u00e8ce de votre maison: ils habilleront parfaitement les murs d&rsquo;un salon, d&rsquo;une entr\u00e9e, d&rsquo;une chambre d&rsquo;enfant ou bien d&rsquo;adultes. Ces objets sont pens\u00e9s pour une d\u00e9coration d\u00e9licate et po\u00e9tique.<br \/>\nC&rsquo;est un cadeau id\u00e9al pour une naissance ou pour un anniversaire.<\/p>\n<p>&nbsp;<\/p>\n","protected":false},"excerpt":{"rendered":"<p>Ces silhouettes repr\u00e9sentant des colibris sont toutes dessin\u00e9es puis d\u00e9coup\u00e9es \u00e0 la main dans de fines plaques de laiton.<br \/>\nIls habilleront vos murs comme des pr\u00e9cieux bijoux et apporteront une touche po\u00e9tique \u00e0 votre d\u00e9coration.<br \/>\n<span style=\"display: inline !important; float: none; background-color: transparent; color: #666666; cursor: text; font-family: 'Quicksand'; font-size: 14px; font-style: normal; font-variant: normal; font-weight: 400; letter-spacing: normal; orphans: 2; text-align: left; text-decoration: none; text-indent: 0px; text-transform: none; -webkit-text-stroke-width: 0px; white-space: normal; word-spacing: 0px;\">Ensemble de deux oiseaux colibris: un grand et un plus petit.\u00a0<\/span><br \/>\nVous pouvez les fixer au murs facilement avec de la pate \u00e0 fixe ou bien du scotch double face.<br \/>\nChaque pi\u00e8ce est unique, celles que vous recevrez pourront \u00eatre l\u00e9g\u00e8rement diff\u00e9rentes de celles sur la photo.<\/p>\n","protected":false},"featured_media":1864,"template":"","meta":[],"product_cat":[72,77,20],"product_tag":[],"yoast_head":"<!-- This site is optimized with the Yoast SEO plugin v21.6 - https:\/\/yoast.com\/wordpress\/plugins\/seo\/ -->\n<title>Colibris en laiton, lot de 2 &#8226; Manawea<\/title>\n<meta name=\"description\" content=\"Colibris en laiton vendus par lot de 2. Enti\u00e8rement r\u00e9alis\u00e9s \u00e0 la main, ils font de d\u00e9licats bijoux de murs. Id\u00e9al pour un cadeau de naissance.\" \/>\n<meta name=\"robots\" content=\"index, follow, max-snippet:-1, max-image-preview:large, max-video-preview:-1\" \/>\n<link rel=\"canonical\" href=\"https:\/\/manawea.com\/index.php\/produit\/colibris-en-laiton-lot-de-2\/\" \/>\n<meta property=\"og:locale\" content=\"fr_FR\" \/>\n<meta property=\"og:type\" content=\"article\" \/>\n<meta property=\"og:title\" content=\"Colibris en laiton, lot de 2 &#8226; Manawea\" \/>\n<meta property=\"og:description\" content=\"Colibris en laiton vendus par lot de 2. Enti\u00e8rement r\u00e9alis\u00e9s \u00e0 la main, ils font de d\u00e9licats bijoux de murs. Id\u00e9al pour un cadeau de naissance.\" \/>\n<meta property=\"og:url\" content=\"https:\/\/manawea.com\/index.php\/produit\/colibris-en-laiton-lot-de-2\/\" \/>\n<meta property=\"og:site_name\" content=\"Manawea\" \/>\n<meta property=\"article:publisher\" content=\"https:\/\/www.facebook.com\/manaweamacrame\/\" \/>\n<meta property=\"article:modified_time\" content=\"2025-04-02T13:58:03+00:00\" \/>\n<meta property=\"og:image\" content=\"https:\/\/manawea.com\/wp-content\/uploads\/2020\/02\/decoration-en-laiton-colibris-scaled.jpg\" \/>\n\t<meta property=\"og:image:width\" content=\"2560\" \/>\n\t<meta property=\"og:image:height\" content=\"2560\" \/>\n\t<meta property=\"og:image:type\" content=\"image\/jpeg\" \/>\n<meta name=\"twitter:card\" content=\"summary_large_image\" \/>\n<meta name=\"twitter:label1\" content=\"Dur\u00e9e de lecture estim\u00e9e\" \/>\n\t<meta name=\"twitter:data1\" content=\"1 minute\" \/>\n<script type=\"application\/ld+json\" class=\"yoast-schema-graph\">{\"@context\":\"https:\/\/schema.org\",\"@graph\":[{\"@type\":\"WebPage\",\"@id\":\"https:\/\/manawea.com\/index.php\/produit\/colibris-en-laiton-lot-de-2\/\",\"url\":\"https:\/\/manawea.com\/index.php\/produit\/colibris-en-laiton-lot-de-2\/\",\"name\":\"Colibris en laiton, lot de 2 &#8226; Manawea\",\"isPartOf\":{\"@id\":\"https:\/\/manawea.com\/#website\"},\"datePublished\":\"2019-03-07T17:35:25+00:00\",\"dateModified\":\"2025-04-02T13:58:03+00:00\",\"description\":\"Colibris en laiton vendus par lot de 2. Enti\u00e8rement r\u00e9alis\u00e9s \u00e0 la main, ils font de d\u00e9licats bijoux de murs. Id\u00e9al pour un cadeau de naissance.\",\"breadcrumb\":{\"@id\":\"https:\/\/manawea.com\/index.php\/produit\/colibris-en-laiton-lot-de-2\/#breadcrumb\"},\"inLanguage\":\"fr-FR\",\"potentialAction\":[{\"@type\":\"ReadAction\",\"target\":[\"https:\/\/manawea.com\/index.php\/produit\/colibris-en-laiton-lot-de-2\/\"]}]},{\"@type\":\"BreadcrumbList\",\"@id\":\"https:\/\/manawea.com\/index.php\/produit\/colibris-en-laiton-lot-de-2\/#breadcrumb\",\"itemListElement\":[{\"@type\":\"ListItem\",\"position\":1,\"name\":\"Accueil\",\"item\":\"https:\/\/manawea.com\/\"},{\"@type\":\"ListItem\",\"position\":2,\"name\":\"Boutique\",\"item\":\"https:\/\/manawea.com\/index.php\/shop\/\"},{\"@type\":\"ListItem\",\"position\":3,\"name\":\"Colibris en laiton, lot de 2\"}]},{\"@type\":\"WebSite\",\"@id\":\"https:\/\/manawea.com\/#website\",\"url\":\"https:\/\/manawea.com\/\",\"name\":\"Manawea Macram\u00e9s po\u00e9tiques\",\"description\":\"D\u00e9coration en laiton et macram\u00e9\",\"publisher\":{\"@id\":\"https:\/\/manawea.com\/#organization\"},\"potentialAction\":[{\"@type\":\"SearchAction\",\"target\":{\"@type\":\"EntryPoint\",\"urlTemplate\":\"https:\/\/manawea.com\/?s={search_term_string}\"},\"query-input\":\"required name=search_term_string\"}],\"inLanguage\":\"fr-FR\"},{\"@type\":\"Organization\",\"@id\":\"https:\/\/manawea.com\/#organization\",\"name\":\"manawea\",\"url\":\"https:\/\/manawea.com\/\",\"logo\":{\"@type\":\"ImageObject\",\"inLanguage\":\"fr-FR\",\"@id\":\"https:\/\/manawea.com\/#\/schema\/logo\/image\/\",\"url\":\"https:\/\/manawea.com\/wp-content\/uploads\/2018\/04\/logo.jpg\",\"contentUrl\":\"https:\/\/manawea.com\/wp-content\/uploads\/2018\/04\/logo.jpg\",\"width\":2341,\"height\":2485,\"caption\":\"manawea\"},\"image\":{\"@id\":\"https:\/\/manawea.com\/#\/schema\/logo\/image\/\"},\"sameAs\":[\"https:\/\/www.facebook.com\/manaweamacrame\/\",\"https:\/\/www.instagram.com\/_manawea\/\"]}]}<\/script>\n<!-- \/ Yoast SEO plugin. -->","yoast_head_json":{"title":"Colibris en laiton, lot de 2 &#8226; Manawea","description":"Colibris en laiton vendus par lot de 2. Enti\u00e8rement r\u00e9alis\u00e9s \u00e0 la main, ils font de d\u00e9licats bijoux de murs. Id\u00e9al pour un cadeau de naissance.","robots":{"index":"index","follow":"follow","max-snippet":"max-snippet:-1","max-image-preview":"max-image-preview:large","max-video-preview":"max-video-preview:-1"},"canonical":"https:\/\/manawea.com\/index.php\/produit\/colibris-en-laiton-lot-de-2\/","og_locale":"fr_FR","og_type":"article","og_title":"Colibris en laiton, lot de 2 &#8226; Manawea","og_description":"Colibris en laiton vendus par lot de 2. Enti\u00e8rement r\u00e9alis\u00e9s \u00e0 la main, ils font de d\u00e9licats bijoux de murs. Id\u00e9al pour un cadeau de naissance.","og_url":"https:\/\/manawea.com\/index.php\/produit\/colibris-en-laiton-lot-de-2\/","og_site_name":"Manawea","article_publisher":"https:\/\/www.facebook.com\/manaweamacrame\/","article_modified_time":"2025-04-02T13:58:03+00:00","og_image":[{"width":2560,"height":2560,"url":"https:\/\/manawea.com\/wp-content\/uploads\/2020\/02\/decoration-en-laiton-colibris-scaled.jpg","type":"image\/jpeg"}],"twitter_card":"summary_large_image","twitter_misc":{"Dur\u00e9e de lecture estim\u00e9e":"1 minute"},"schema":{"@context":"https:\/\/schema.org","@graph":[{"@type":"WebPage","@id":"https:\/\/manawea.com\/index.php\/produit\/colibris-en-laiton-lot-de-2\/","url":"https:\/\/manawea.com\/index.php\/produit\/colibris-en-laiton-lot-de-2\/","name":"Colibris en laiton, lot de 2 &#8226; Manawea","isPartOf":{"@id":"https:\/\/manawea.com\/#website"},"datePublished":"2019-03-07T17:35:25+00:00","dateModified":"2025-04-02T13:58:03+00:00","description":"Colibris en laiton vendus par lot de 2. Enti\u00e8rement r\u00e9alis\u00e9s \u00e0 la main, ils font de d\u00e9licats bijoux de murs. Id\u00e9al pour un cadeau de naissance.","breadcrumb":{"@id":"https:\/\/manawea.com\/index.php\/produit\/colibris-en-laiton-lot-de-2\/#breadcrumb"},"inLanguage":"fr-FR","potentialAction":[{"@type":"ReadAction","target":["https:\/\/manawea.com\/index.php\/produit\/colibris-en-laiton-lot-de-2\/"]}]},{"@type":"BreadcrumbList","@id":"https:\/\/manawea.com\/index.php\/produit\/colibris-en-laiton-lot-de-2\/#breadcrumb","itemListElement":[{"@type":"ListItem","position":1,"name":"Accueil","item":"https:\/\/manawea.com\/"},{"@type":"ListItem","position":2,"name":"Boutique","item":"https:\/\/manawea.com\/index.php\/shop\/"},{"@type":"ListItem","position":3,"name":"Colibris en laiton, lot de 2"}]},{"@type":"WebSite","@id":"https:\/\/manawea.com\/#website","url":"https:\/\/manawea.com\/","name":"Manawea Macram\u00e9s po\u00e9tiques","description":"D\u00e9coration en laiton et macram\u00e9","publisher":{"@id":"https:\/\/manawea.com\/#organization"},"potentialAction":[{"@type":"SearchAction","target":{"@type":"EntryPoint","urlTemplate":"https:\/\/manawea.com\/?s={search_term_string}"},"query-input":"required name=search_term_string"}],"inLanguage":"fr-FR"},{"@type":"Organization","@id":"https:\/\/manawea.com\/#organization","name":"manawea","url":"https:\/\/manawea.com\/","logo":{"@type":"ImageObject","inLanguage":"fr-FR","@id":"https:\/\/manawea.com\/#\/schema\/logo\/image\/","url":"https:\/\/manawea.com\/wp-content\/uploads\/2018\/04\/logo.jpg","contentUrl":"https:\/\/manawea.com\/wp-content\/uploads\/2018\/04\/logo.jpg","width":2341,"height":2485,"caption":"manawea"},"image":{"@id":"https:\/\/manawea.com\/#\/schema\/logo\/image\/"},"sameAs":["https:\/\/www.facebook.com\/manaweamacrame\/","https:\/\/www.instagram.com\/_manawea\/"]}]}},"_links":{"self":[{"href":"https:\/\/manawea.com\/index.php\/wp-json\/wp\/v2\/product\/1539"}],"collection":[{"href":"https:\/\/manawea.com\/index.php\/wp-json\/wp\/v2\/product"}],"about":[{"href":"https:\/\/manawea.com\/index.php\/wp-json\/wp\/v2\/types\/product"}],"wp:featuredmedia":[{"embeddable":true,"href":"https:\/\/manawea.com\/index.php\/wp-json\/wp\/v2\/media\/1864"}],"wp:attachment":[{"href":"https:\/\/manawea.com\/index.php\/wp-json\/wp\/v2\/media?parent=1539"}],"wp:term":[{"taxonomy":"product_cat","embeddable":true,"href":"https:\/\/manawea.com\/index.php\/wp-json\/wp\/v2\/product_cat?post=1539"},{"taxonomy":"product_tag","embeddable":true,"href":"https:\/\/manawea.com\/index.php\/wp-json\/wp\/v2\/product_tag?post=1539"}],"curies":[{"name":"wp","href":"https:\/\/api.w.org\/{rel}","templated":true}]}}