{"id":1655,"date":"2019-07-26T12:20:31","date_gmt":"2019-07-26T11:20:31","guid":{"rendered":"https:\/\/manawea.com\/?post_type=product&#038;p=1655"},"modified":"2021-01-02T22:12:26","modified_gmt":"2021-01-02T21:12:26","slug":"vase-en-macrame-2","status":"publish","type":"product","link":"https:\/\/manawea.com\/index.php\/produit\/vase-en-macrame-2\/","title":{"rendered":"Vase en macram\u00e9"},"content":{"rendered":"","protected":false},"excerpt":{"rendered":"<p>Vase en verre recouvert d&rsquo;un macram\u00e9 r\u00e9alis\u00e9 \u00e0 la main avec de la corde de coton.<\/p>\n<p>Id\u00e9al pour mettre vos plantes et fleurs s\u00e9ch\u00e9es en valeur.<br \/>\nIl peut aussi \u00eatre utilis\u00e9 en photophore \/ bougeoir ou en d\u00e9coration de table.<\/p>\n<p>Ces vases sont aussi disponible \u00e0 la location pour vos jolis \u00e9v\u00e8nements (mariage, anniversaire, bapt\u00eame\u2026) N&rsquo;h\u00e9sitez pas \u00e0 me contacter.<\/p>\n","protected":false},"featured_media":1656,"template":"","meta":[],"product_cat":[20],"product_tag":[],"yoast_head":"<!-- This site is optimized with the Yoast SEO plugin v21.6 - https:\/\/yoast.com\/wordpress\/plugins\/seo\/ -->\n<title>Vase en macram\u00e9 &#8226; Manawea<\/title>\n<meta name=\"robots\" content=\"index, follow, max-snippet:-1, max-image-preview:large, max-video-preview:-1\" \/>\n<link rel=\"canonical\" href=\"https:\/\/manawea.com\/index.php\/produit\/vase-en-macrame-2\/\" \/>\n<meta property=\"og:locale\" content=\"fr_FR\" \/>\n<meta property=\"og:type\" content=\"article\" \/>\n<meta property=\"og:title\" content=\"Vase en macram\u00e9 &#8226; Manawea\" \/>\n<meta property=\"og:description\" content=\"Vase en verre recouvert d&#039;un macram\u00e9 r\u00e9alis\u00e9 \u00e0 la main avec de la corde de coton.  Id\u00e9al pour mettre vos plantes et fleurs s\u00e9ch\u00e9es en valeur. Il peut aussi \u00eatre utilis\u00e9 en photophore \/ bougeoir ou en d\u00e9coration de table.  Ces vases sont aussi disponible \u00e0 la location pour vos jolis \u00e9v\u00e8nements (mariage, anniversaire, bapt\u00eame\u2026) N&#039;h\u00e9sitez pas \u00e0 me contacter.\" \/>\n<meta property=\"og:url\" content=\"https:\/\/manawea.com\/index.php\/produit\/vase-en-macrame-2\/\" \/>\n<meta property=\"og:site_name\" content=\"Manawea\" \/>\n<meta property=\"article:publisher\" content=\"https:\/\/www.facebook.com\/manaweamacrame\/\" \/>\n<meta property=\"article:modified_time\" content=\"2021-01-02T21:12:26+00:00\" \/>\n<meta property=\"og:image\" content=\"https:\/\/manawea.com\/wp-content\/uploads\/2019\/07\/vase-en-macram\u00e9-1024x1024.jpg\" \/>\n\t<meta property=\"og:image:width\" content=\"1024\" \/>\n\t<meta property=\"og:image:height\" content=\"1024\" \/>\n\t<meta property=\"og:image:type\" content=\"image\/jpeg\" \/>\n<meta name=\"twitter:card\" content=\"summary_large_image\" \/>\n<script type=\"application\/ld+json\" class=\"yoast-schema-graph\">{\"@context\":\"https:\/\/schema.org\",\"@graph\":[{\"@type\":\"WebPage\",\"@id\":\"https:\/\/manawea.com\/index.php\/produit\/vase-en-macrame-2\/\",\"url\":\"https:\/\/manawea.com\/index.php\/produit\/vase-en-macrame-2\/\",\"name\":\"Vase en macram\u00e9 &#8226; Manawea\",\"isPartOf\":{\"@id\":\"https:\/\/manawea.com\/#website\"},\"datePublished\":\"2019-07-26T11:20:31+00:00\",\"dateModified\":\"2021-01-02T21:12:26+00:00\",\"breadcrumb\":{\"@id\":\"https:\/\/manawea.com\/index.php\/produit\/vase-en-macrame-2\/#breadcrumb\"},\"inLanguage\":\"fr-FR\",\"potentialAction\":[{\"@type\":\"ReadAction\",\"target\":[\"https:\/\/manawea.com\/index.php\/produit\/vase-en-macrame-2\/\"]}]},{\"@type\":\"BreadcrumbList\",\"@id\":\"https:\/\/manawea.com\/index.php\/produit\/vase-en-macrame-2\/#breadcrumb\",\"itemListElement\":[{\"@type\":\"ListItem\",\"position\":1,\"name\":\"Accueil\",\"item\":\"https:\/\/manawea.com\/\"},{\"@type\":\"ListItem\",\"position\":2,\"name\":\"Boutique\",\"item\":\"https:\/\/manawea.com\/index.php\/shop\/\"},{\"@type\":\"ListItem\",\"position\":3,\"name\":\"Vase en macram\u00e9\"}]},{\"@type\":\"WebSite\",\"@id\":\"https:\/\/manawea.com\/#website\",\"url\":\"https:\/\/manawea.com\/\",\"name\":\"Manawea Macram\u00e9s po\u00e9tiques\",\"description\":\"D\u00e9coration en laiton et macram\u00e9\",\"publisher\":{\"@id\":\"https:\/\/manawea.com\/#organization\"},\"potentialAction\":[{\"@type\":\"SearchAction\",\"target\":{\"@type\":\"EntryPoint\",\"urlTemplate\":\"https:\/\/manawea.com\/?s={search_term_string}\"},\"query-input\":\"required name=search_term_string\"}],\"inLanguage\":\"fr-FR\"},{\"@type\":\"Organization\",\"@id\":\"https:\/\/manawea.com\/#organization\",\"name\":\"manawea\",\"url\":\"https:\/\/manawea.com\/\",\"logo\":{\"@type\":\"ImageObject\",\"inLanguage\":\"fr-FR\",\"@id\":\"https:\/\/manawea.com\/#\/schema\/logo\/image\/\",\"url\":\"https:\/\/manawea.com\/wp-content\/uploads\/2018\/04\/logo.jpg\",\"contentUrl\":\"https:\/\/manawea.com\/wp-content\/uploads\/2018\/04\/logo.jpg\",\"width\":2341,\"height\":2485,\"caption\":\"manawea\"},\"image\":{\"@id\":\"https:\/\/manawea.com\/#\/schema\/logo\/image\/\"},\"sameAs\":[\"https:\/\/www.facebook.com\/manaweamacrame\/\",\"https:\/\/www.instagram.com\/_manawea\/\"]}]}<\/script>\n<!-- \/ Yoast SEO plugin. -->","yoast_head_json":{"title":"Vase en macram\u00e9 &#8226; Manawea","robots":{"index":"index","follow":"follow","max-snippet":"max-snippet:-1","max-image-preview":"max-image-preview:large","max-video-preview":"max-video-preview:-1"},"canonical":"https:\/\/manawea.com\/index.php\/produit\/vase-en-macrame-2\/","og_locale":"fr_FR","og_type":"article","og_title":"Vase en macram\u00e9 &#8226; Manawea","og_description":"Vase en verre recouvert d'un macram\u00e9 r\u00e9alis\u00e9 \u00e0 la main avec de la corde de coton.  Id\u00e9al pour mettre vos plantes et fleurs s\u00e9ch\u00e9es en valeur. Il peut aussi \u00eatre utilis\u00e9 en photophore \/ bougeoir ou en d\u00e9coration de table.  Ces vases sont aussi disponible \u00e0 la location pour vos jolis \u00e9v\u00e8nements (mariage, anniversaire, bapt\u00eame\u2026) N'h\u00e9sitez pas \u00e0 me contacter.","og_url":"https:\/\/manawea.com\/index.php\/produit\/vase-en-macrame-2\/","og_site_name":"Manawea","article_publisher":"https:\/\/www.facebook.com\/manaweamacrame\/","article_modified_time":"2021-01-02T21:12:26+00:00","og_image":[{"width":1024,"height":1024,"url":"https:\/\/manawea.com\/wp-content\/uploads\/2019\/07\/vase-en-macram\u00e9-1024x1024.jpg","type":"image\/jpeg"}],"twitter_card":"summary_large_image","schema":{"@context":"https:\/\/schema.org","@graph":[{"@type":"WebPage","@id":"https:\/\/manawea.com\/index.php\/produit\/vase-en-macrame-2\/","url":"https:\/\/manawea.com\/index.php\/produit\/vase-en-macrame-2\/","name":"Vase en macram\u00e9 &#8226; Manawea","isPartOf":{"@id":"https:\/\/manawea.com\/#website"},"datePublished":"2019-07-26T11:20:31+00:00","dateModified":"2021-01-02T21:12:26+00:00","breadcrumb":{"@id":"https:\/\/manawea.com\/index.php\/produit\/vase-en-macrame-2\/#breadcrumb"},"inLanguage":"fr-FR","potentialAction":[{"@type":"ReadAction","target":["https:\/\/manawea.com\/index.php\/produit\/vase-en-macrame-2\/"]}]},{"@type":"BreadcrumbList","@id":"https:\/\/manawea.com\/index.php\/produit\/vase-en-macrame-2\/#breadcrumb","itemListElement":[{"@type":"ListItem","position":1,"name":"Accueil","item":"https:\/\/manawea.com\/"},{"@type":"ListItem","position":2,"name":"Boutique","item":"https:\/\/manawea.com\/index.php\/shop\/"},{"@type":"ListItem","position":3,"name":"Vase en macram\u00e9"}]},{"@type":"WebSite","@id":"https:\/\/manawea.com\/#website","url":"https:\/\/manawea.com\/","name":"Manawea Macram\u00e9s po\u00e9tiques","description":"D\u00e9coration en laiton et macram\u00e9","publisher":{"@id":"https:\/\/manawea.com\/#organization"},"potentialAction":[{"@type":"SearchAction","target":{"@type":"EntryPoint","urlTemplate":"https:\/\/manawea.com\/?s={search_term_string}"},"query-input":"required name=search_term_string"}],"inLanguage":"fr-FR"},{"@type":"Organization","@id":"https:\/\/manawea.com\/#organization","name":"manawea","url":"https:\/\/manawea.com\/","logo":{"@type":"ImageObject","inLanguage":"fr-FR","@id":"https:\/\/manawea.com\/#\/schema\/logo\/image\/","url":"https:\/\/manawea.com\/wp-content\/uploads\/2018\/04\/logo.jpg","contentUrl":"https:\/\/manawea.com\/wp-content\/uploads\/2018\/04\/logo.jpg","width":2341,"height":2485,"caption":"manawea"},"image":{"@id":"https:\/\/manawea.com\/#\/schema\/logo\/image\/"},"sameAs":["https:\/\/www.facebook.com\/manaweamacrame\/","https:\/\/www.instagram.com\/_manawea\/"]}]}},"_links":{"self":[{"href":"https:\/\/manawea.com\/index.php\/wp-json\/wp\/v2\/product\/1655"}],"collection":[{"href":"https:\/\/manawea.com\/index.php\/wp-json\/wp\/v2\/product"}],"about":[{"href":"https:\/\/manawea.com\/index.php\/wp-json\/wp\/v2\/types\/product"}],"wp:featuredmedia":[{"embeddable":true,"href":"https:\/\/manawea.com\/index.php\/wp-json\/wp\/v2\/media\/1656"}],"wp:attachment":[{"href":"https:\/\/manawea.com\/index.php\/wp-json\/wp\/v2\/media?parent=1655"}],"wp:term":[{"taxonomy":"product_cat","embeddable":true,"href":"https:\/\/manawea.com\/index.php\/wp-json\/wp\/v2\/product_cat?post=1655"},{"taxonomy":"product_tag","embeddable":true,"href":"https:\/\/manawea.com\/index.php\/wp-json\/wp\/v2\/product_tag?post=1655"}],"curies":[{"name":"wp","href":"https:\/\/api.w.org\/{rel}","templated":true}]}}